
12011233311
What is 1e5b6f (base 16) in base 15?
294727
Convert 11230040 (base 6) to base 8.
1243710
What is 136566 (base 7) in base 8?
63371
What is -21235230 (base 7) in base 4?
-12321100122
2102212112201 (base 3) to base 2
100111100100010101111
Convert -403553432 (base 6) to base 8.
-32255434
Convert -5126 (base 12) to base 4.
-2021232
27b3a4 (base 16) to base 2
1001111011001110100100
What is 1313432441 (base 5) in base 14?
60dac2
-13c2d4 (base 14) to base 15
-d866d
22c19 (base 14) to base 16
14ad7
-2859103 (base 10) to base 3
-12101020221201
-10310110 (base 4) to base 10
-19732
Convert 14031140 (base 6) to base 10.
470724
-b1096 (base 14) to base 6
-13041404
Convert 147209 (base 10) to base 5.
14202314
Convert -16587a4 (base 11) to base 5.
-1210311211
What is -1301332320 (base 4) in base 16?
-71fb8
What is 11545036 (base 7) in base 16?
fd11d
149629 (base 13) to base 8
1734767
What is -97c2a (base 16) in base 10?
-621610
-54230014 (base 6) to base 9
-3016611
What is 120300 (base 9) in base 4?
101223132
Convert -101010010010110101001 (base 2) to base 4.
-11102112221
Convert a3401 (base 11) to base 16.
24d68
Convert 1051412435 (base 6) to base 9.
23664235
20656207 (base 8) to base 6
234341543
Convert -85211 (base 11) to base 3.
-20022010222
-213062302 (base 7) to base 2
-110000100001110010110101
51024554 (base 6) to base 8
5420026
Convert -102034410 (base 5) to base 7.
-3415121
What is 331104244 (base 5) in base 12?
588b9a
Convert 1564882 (base 9) to base 14.
188d2a
-14142 (base 7) to base 15
-121c
Convert 112024240 (base 5) to base 12.
2024a4
-231331 (base 7) to base 3
-2002200201
Convert 2033131202 (base 4) to base 7.
4665113
-2211000210001 (base 3) to base 4
-11231112130
20c1c (base 16) to base 4
200300130
What is 20341040 (base 9) in base 16?
95146e
126737 (base 12) to base 9
508787
What is 702650 (base 8) in base 6?
4540344
369a2 (base 16) to base 9
370710
What is -1cadb7 (base 16) in base 11?
-1074098
Convert 1162654 (base 9) to base 10.
631849
Convert -20120211002 (base 3) to base 6.
-2440045
Convert -10000001000000011110101 (base 2) to base 11.
-2428056
715c13 (base 14) to base 2
1110100100011100001001
-222203132 (base 4) to base 11
-109a57
Convert -1002103130 (base 4) to base 9.
-453475
-668500 (base 9) to base 6
-12323213
332331320 (base 4) to base 12
105308
What is -100001011110111011 (base 2) in base 6?
-2534535
Convert 2111222111 (base 3) to base 13.
19732
What is -689211 (base 10) in base 8?
-2502073
Convert -22043321 (base 5) to base 10.
-190461
Convert 4152404 (base 7) to base 11.
311973
4541730 (base 9) to base 10
2448576
3eab7d (base 15) to base 8
13420562
Convert 2305b7b (base 12) to base 5.
3210310113
392a4b (base 14) to base 15
28cb06
What is -56135 (base 11) in base 12?
-3b0b2
3032300221 (base 4) to base 8
3166051
Convert -30703 (base 8) to base 10.
-12739
Convert -5306271 (base 8) to base 6.
-50134201
What is 401607 (base 8) in base 10?
131975
What is -100101000111111000100101 (base 2) in base 4?
-211013320211
Convert 533344 (base 6) to base 5.
2343202
-81206 (base 11) to base 6
-2313323
Convert 1023414 (base 6) to base 10.
50050
What is 179921 (base 11) in base 13?
98bb2
-642757 (base 9) to base 10
-382615
2445132 (base 7) to base 9
527546
What is 21220121221 (base 3) in base 13?
55b67
Convert 119698 (base 10) to base 13.
42637
681785 (base 11) to base 5
234220310
8904e (base 15) to base 11
278183
Convert 941438 (base 12) to base 13.
635213
-341155 (base 7) to base 3
-10001221011
Convert 142404431 (base 5) to base 16.
b67e3
What is -11011111101 (base 2) in base 10?
-1789
What is 3150433 (base 7) in base 8?
1352033
What is -20331031 (base 5) in base 6?
-3332041
-205533 (base 7) to base 2
-1000101100001110
Convert -7a1e5 (base 15) to base 13.
-107b28
Convert 2001100022100 (base 3) to base 6.
35203143
What is -1257115 (base 9) in base 12?
-291a72
What is -12214100 (base 5) in base 2?
-11100100000100111
Convert -384077 (base 9) to base 7.
-1656124
What is 15d2676 (base 14) in base 9?
22155630
Convert 228717 (base 9) to base 10.
137635
What is 1083940 (base 10) in base 6?
35122124
Convert 3339556 (base 11) to base 15.
7a9989
1101100110000010110 (base 2) to base 16
6cc16
11001001001100001011001 (base 2) to base 12
225b1b5
262248 (base 9) to base 7
1231634
What is -720055 (base 8) in base 14?
-62845
What is -2212102 (base 4) in base 3?
-112121011
What is 18137 (base 9) in base 10?
12508
What is 10203013 (base 4) in base 9?
27501
-11144404 (base 5) to base 7
-564325
303616 (base 15) to base 7
25314165
What is -3661538 (base 11) in base 15?
-85c9ac
Convert -46053336 (base 8) to base 15.
-d2320a
-214189 (base 10) to base 3
-101212210221
-97556 (base 15) to base 13
-13a8c2
-4bda0 (base 14) to base 8
-554250
65475 (base 8) to base 2
110101100111101
Convert -343223 (base 7) to base 10.
-61169
Convert -1123265 (base 7) to base 10.
-140432
-101bb (base 13) to base 9
-43553
Convert -13170a (base 11) to base 2.
-110010100100111010
Convert -1001433412 (base 5) to base 10.
-1983607
What is -1ab80b (base 13) in base 5?
-133314213
15623450 (base 7) to base 13
412346
-200112200 (base 4) to base 13
-48413
e30866 (base 15) to base 10
10785021
-27051 (base 10) to base 2
-110100110101011
1341140 (base 7) to base 16
2b7ae
-58a488 (base 13) to base 10
-2107711
Convert 4d4530 (base 14) to base 16.
28a12e
What is -22131 (base 14) in base 5?
-10120214
Convert 26a7be (base 15) to base 16.
1c59d4
20262 (base 7) to base 16
1350
Convert -22010236 (base 9) to base 11.
-6004736
Convert -1545602 (base 7) to base 13.
-76118
What is 147d6 (base 15) in base 16?
1016d
Convert 243324 (base 10) to base 7.
2032254
What is 2320322010 (base 4) in base 7?
6303051
What is -111311310030 (base 4) in base 9?
-11685753
What is -12141414343 (base 5) in base 15?
-13e7e4d
What is 37817 (base 10) in base 8?
111671
-11121021000010 (base 3) to base 10
-2445798
What is -3abacb (base 13) in base 5?
-331104023
Convert ddc83 (base 16) to base 14.
1990b1
What is 25024 (base 15) in base 2?
11100110110001111
-426b6b (base 12) to base 9
-1867652
Convert 19d588 (base 15) to base 11.
790831
-3077620 (base 8) to base 5
-202202323
-1ce9b (base 16) to base 10
-118427
What is -1201000202 (base 3) in base 14?
-c32a
What is 2012210021121 (base 3) in base 7?
13000636
What is -22d4a7 (base 15) in base 3?
-10010120212011
885b60 (base 12) to base 11
124aa85
Convert 2367443 (base 8) to base 12.
274917
Convert -32301450 (base 6) to base 10.
-956838
Convert 342667 (base 8) to base 9.
186286
What is 220220112002 (base 3) in base 5?
111142033
Convert -1043012144 (base 5) to base 7.
-25443451
Convert 2212200103 (base 4) to base 12.
28a817
What is -21200202002021 (base 3) in base 12?
-14523ba
What is -220335155 (base 6) in base 4?
-33003233033
-1367136 (base 14) to base 8
-43651474
Convert -1022212211020 (base 3) to base 4.
-2230123200
What is 11122 (base 5) in base 9?
1064
285104 (base 9) to base 16
2a8ec
Convert b1c34 (base 14) to base 9.
721642
-1001001110100001000001 (base 2) to base 11
-1402277
Convert 147306 (base 9) to base 13.
32349
Convert 10482227 (base 10) to base 13.
2230202
What is 3011010 (base 6) in base 5?
14011421
Convert -605a0 (base 16) to base 4.
-1200112200
What is 10422403 (base 5) in base 9?
150455
Convert 1b586 (base 15) to base 8.
255651
What is 55b716 (base 12) in base 3?
2120111101000
What is 10898353 (base 10) in base 13?
234773b
22300302 (base 4) to base 6
540030
What is 46608 (base 9) in base 14?
b4a4
Convert 30012333 (base 4) to base 12.
24853
Convert -212003003 (base 4) to base 12.
-7622b
Convert 1004003240 (base 5) to base 15.
29c54a
Convert 96841 (base 13) to base 16.
42514
What is -23241715 (base 8) in base 3?
-100112020222211
Convert 2182584 (base 10) to base 6.
114440320
Convert 15047571 (base 8) to base 11.
1a31741
Convert -41153360 (base 8) to base 15.
-b6e751
-15252103 (base 6) to base 12
-21a033
-104334 (base 9) to base 4
-33030133
What is 53115230 (base 6) in base 12?
628b16
What is 2102121111210 (base 3) in base 11?
8022a9
Convert -a3616 (base 13) to base 5.
-33340414
Convert -16102613 (base 7) to base 5.
-344002414
Convert -1010004102 (base 5) to base 6.
-111314213
-2166646 (base 9) to base 14
-224ddd
Convert -4311244 (base 5) to base 13.
-27123
What is 